{"id":621,"date":"2026-03-13T15:18:37","date_gmt":"2026-03-13T15:18:37","guid":{"rendered":"https:\/\/visitkigyos.hu\/?page_id=621"},"modified":"2026-03-19T16:46:00","modified_gmt":"2026-03-19T16:46:00","slug":"szallasok","status":"publish","type":"page","link":"https:\/\/visitkigyos.hu\/index.php\/szallasok\/","title":{"rendered":"Sz\u00e1ll\u00e1sok"},"content":{"rendered":"\t\t<div data-elementor-type=\"wp-page\" data-elementor-id=\"621\" class=\"elementor elementor-621\" data-elementor-post-type=\"page\">\n\t\t\t\t<section class=\"elementor-element elementor-element-f3dfd02 e-con-full e-flex e-con e-parent\" data-id=\"f3dfd02\" data-element_type=\"container\" data-e-type=\"container\" data-settings=\"{&quot;background_background&quot;:&quot;classic&quot;}\">\n\t\t<div class=\"elementor-element elementor-element-770c20f e-con-full e-flex e-con e-child\" data-id=\"770c20f\" data-element_type=\"container\" data-e-type=\"container\">\n\t\t<div class=\"elementor-element elementor-element-c50bd55 e-con-full e-flex e-con e-child\" data-id=\"c50bd55\" data-element_type=\"container\" data-e-type=\"container\">\n\t\t\t\t<div class=\"elementor-element elementor-element-5745521 elementor-widget__width-inherit elementor-widget elementor-widget-heading\" data-id=\"5745521\" data-element_type=\"widget\" data-e-type=\"widget\" data-widget_type=\"heading.default\">\n\t\t\t\t\t<p class=\"elementor-heading-title elementor-size-default\">Pihen\u00e9s<\/p>\t\t\t\t<\/div>\n\t\t\t\t<div class=\"elementor-element elementor-element-691affa elementor-widget__width-inherit elementor-widget elementor-widget-heading\" data-id=\"691affa\" data-element_type=\"widget\" data-e-type=\"widget\" data-widget_type=\"heading.default\">\n\t\t\t\t\t<h2 class=\"elementor-heading-title elementor-size-default\">Sz\u00e1ll\u00e1sok<\/h2>\t\t\t\t<\/div>\n\t\t\t\t<div class=\"elementor-element elementor-element-0e6c2e0 elementor-widget__width-initial elementor-widget elementor-widget-heading\" data-id=\"0e6c2e0\" data-element_type=\"widget\" data-e-type=\"widget\" data-widget_type=\"heading.default\">\n\t\t\t\t\t<p class=\"elementor-heading-title elementor-size-default\">Fedezze fel sz\u00e1ll\u00e1slehet\u0151s\u00e9geinket, \u00e9s t\u00f6ltse el az \u00e9jszak\u00e1t Szabadk\u00edgy\u00f3s var\u00e1zslatos k\u00f6rnyezet\u00e9ben.<\/p>\t\t\t\t<\/div>\n\t\t\t\t<\/div>\n\t\t<div class=\"elementor-element elementor-element-ede609b e-grid e-con-full e-con e-child\" data-id=\"ede609b\" data-element_type=\"container\" data-e-type=\"container\">\n\t\t<div class=\"elementor-element elementor-element-00b5ae4 e-con-full e-flex e-con e-child\" data-id=\"00b5ae4\" data-element_type=\"container\" data-e-type=\"container\">\n\t\t<a class=\"elementor-element elementor-element-7444714 e-con-full e-flex e-con e-child\" data-id=\"7444714\" data-element_type=\"container\" data-e-type=\"container\" data-settings=\"{&quot;background_background&quot;:&quot;classic&quot;}\" href=\"https:\/\/visitkigyos.hu\/index.php\/castle-inn-szabadkigyos\/\">\n\t\t<div class=\"elementor-element elementor-element-7e078a1 e-con-full e-flex e-con e-child\" data-id=\"7e078a1\" data-element_type=\"container\" data-e-type=\"container\">\n\t\t<div class=\"elementor-element elementor-element-8269b71 e-con-full e-flex e-con e-child\" data-id=\"8269b71\" data-element_type=\"container\" data-e-type=\"container\" data-settings=\"{&quot;background_background&quot;:&quot;classic&quot;}\">\n\t\t\t\t<\/div>\n\t\t\t\t<\/div>\n\t\t<div class=\"elementor-element elementor-element-cf1db05 e-con-full e-flex e-con e-child\" data-id=\"cf1db05\" data-element_type=\"container\" data-e-type=\"container\">\n\t\t<div class=\"elementor-element elementor-element-9825a8a e-con-full e-flex e-con e-child\" data-id=\"9825a8a\" data-element_type=\"container\" data-e-type=\"container\">\n\t\t\t\t<div class=\"elementor-element elementor-element-0e41cd9 elementor-widget elementor-widget-heading\" data-id=\"0e41cd9\" data-element_type=\"widget\" data-e-type=\"widget\" data-widget_type=\"heading.default\">\n\t\t\t\t\t<h3 class=\"elementor-heading-title elementor-size-default\">Castle Inn - Szabadk\u00edgy\u00f3s<\/h3>\t\t\t\t<\/div>\n\t\t\t\t<\/div>\n\t\t\t\t<div class=\"elementor-element elementor-element-697573e elementor-widget__width-inherit elementor-widget elementor-widget-heading\" data-id=\"697573e\" data-element_type=\"widget\" data-e-type=\"widget\" data-widget_type=\"heading.default\">\n\t\t\t\t\t<p class=\"elementor-heading-title elementor-size-default\">Modern, pr\u00e9mium vend\u00e9gh\u00e1z medenc\u00e9vel, szaun\u00e1val \u00e9s jakuzzival a Wenckheim-kast\u00e9ly k\u00f6zel\u00e9ben.<\/p>\t\t\t\t<\/div>\n\t\t<div class=\"elementor-element elementor-element-c52e6f9 e-con-full e-flex e-con e-child\" data-id=\"c52e6f9\" data-element_type=\"container\" data-e-type=\"container\">\n\t\t\t\t<div class=\"elementor-element elementor-element-46425a3 elementor-widget elementor-widget-text-editor\" data-id=\"46425a3\" data-element_type=\"widget\" data-e-type=\"widget\" data-widget_type=\"text-editor.default\">\n\t\t\t\t\t\t\t\t\t<span class=\"inline-flex items-center gap-1.5 span-pww99t\">\n    <svg class=\"svg-arv14b\" xmlns=\"http:\/\/www.w3.org\/2000\/svg\" fill=\"none\" viewBox=\"0 0 24 24\" stroke=\"currentColor\">\n        <path stroke-width=\"1.5\" d=\"M17 20a5 5 0 00-10 0M12 12a4 4 0 100-8 4 4 0 000 8z\" \/>\n    <\/svg>\n    2\u20138 f\u0151\n<\/span>\t\t\t\t\t\t\t\t<\/div>\n\t\t\t\t<\/div>\n\t\t<div class=\"elementor-element elementor-element-c5b2fc8 e-con-full e-flex e-con e-child\" data-id=\"c5b2fc8\" data-element_type=\"container\" data-e-type=\"container\">\n\t\t\t\t<div class=\"elementor-element elementor-element-2e1f62b elementor-widget elementor-widget-heading\" data-id=\"2e1f62b\" data-element_type=\"widget\" data-e-type=\"widget\" data-widget_type=\"heading.default\">\n\t\t\t\t\t<span class=\"elementor-heading-title elementor-size-default\">\u00c9rdekl\u0151dj\u00f6n<\/span>\t\t\t\t<\/div>\n\t\t\t\t<div class=\"elementor-element elementor-element-3973619 elementor-widget elementor-widget-text-editor\" data-id=\"3973619\" data-element_type=\"widget\" data-e-type=\"widget\" data-widget_type=\"text-editor.default\">\n\t\t\t\t\t\t\t\t\tR\u00e9szletek\t\t\t\t\t\t\t\t<\/div>\n\t\t\t\t<\/div>\n\t\t\t\t<\/div>\n\t\t\t\t<\/a>\n\t\t\t\t<\/div>\n\t\t<div class=\"elementor-element elementor-element-518b384 e-con-full e-flex e-con e-child\" data-id=\"518b384\" data-element_type=\"container\" data-e-type=\"container\">\n\t\t<a class=\"elementor-element elementor-element-7c5f3fc e-con-full e-flex e-con e-child\" data-id=\"7c5f3fc\" data-element_type=\"container\" data-e-type=\"container\" data-settings=\"{&quot;background_background&quot;:&quot;classic&quot;}\" href=\"https:\/\/visitkigyos.hu\/index.php\/retlaki-vendeghaz\/\">\n\t\t<div class=\"elementor-element elementor-element-3288a1e e-con-full e-flex e-con e-child\" data-id=\"3288a1e\" data-element_type=\"container\" data-e-type=\"container\">\n\t\t<div class=\"elementor-element elementor-element-a92e900 e-con-full e-flex e-con e-child\" data-id=\"a92e900\" data-element_type=\"container\" data-e-type=\"container\" data-settings=\"{&quot;background_background&quot;:&quot;classic&quot;}\">\n\t\t\t\t<\/div>\n\t\t\t\t<\/div>\n\t\t<div class=\"elementor-element elementor-element-8f1eaba e-con-full e-flex e-con e-child\" data-id=\"8f1eaba\" data-element_type=\"container\" data-e-type=\"container\">\n\t\t<div class=\"elementor-element elementor-element-1caf3b8 e-con-full e-flex e-con e-child\" data-id=\"1caf3b8\" data-element_type=\"container\" data-e-type=\"container\">\n\t\t\t\t<div class=\"elementor-element elementor-element-fd63291 elementor-widget elementor-widget-heading\" data-id=\"fd63291\" data-element_type=\"widget\" data-e-type=\"widget\" data-widget_type=\"heading.default\">\n\t\t\t\t\t<h3 class=\"elementor-heading-title elementor-size-default\">R\u00e9tlaki Vend\u00e9gh\u00e1z<\/h3>\t\t\t\t<\/div>\n\t\t\t\t<\/div>\n\t\t\t\t<div class=\"elementor-element elementor-element-bb8af55 elementor-widget__width-inherit elementor-widget elementor-widget-heading\" data-id=\"bb8af55\" data-element_type=\"widget\" data-e-type=\"widget\" data-widget_type=\"heading.default\">\n\t\t\t\t\t<p class=\"elementor-heading-title elementor-size-default\">Csal\u00e1dias, \u00e1llatbar\u00e1t vend\u00e9gh\u00e1z Szabadk\u00edgy\u00f3s k\u00f6zpontj\u00e1ban, a Wenckheim-kast\u00e9lyt\u00f3l mind\u00f6ssze 1 km-re.<\/p>\t\t\t\t<\/div>\n\t\t<div class=\"elementor-element elementor-element-ff17559 e-con-full e-flex e-con e-child\" data-id=\"ff17559\" data-element_type=\"container\" data-e-type=\"container\">\n\t\t\t\t<div class=\"elementor-element elementor-element-ccfdc4d elementor-widget elementor-widget-text-editor\" data-id=\"ccfdc4d\" data-element_type=\"widget\" data-e-type=\"widget\" data-widget_type=\"text-editor.default\">\n\t\t\t\t\t\t\t\t\t<span class=\"inline-flex items-center gap-1.5 span-pww99t\">\n    <svg class=\"svg-arv14b\" xmlns=\"http:\/\/www.w3.org\/2000\/svg\" fill=\"none\" viewBox=\"0 0 24 24\" stroke=\"currentColor\">\n        <path stroke-width=\"1.5\" d=\"M17 20a5 5 0 00-10 0M12 12a4 4 0 100-8 4 4 0 000 8z\" \/>\n    <\/svg>\n    Max. 8 f\u0151\n<\/span>\t\t\t\t\t\t\t\t<\/div>\n\t\t\t\t<\/div>\n\t\t<div class=\"elementor-element elementor-element-f9fcb05 e-con-full e-flex e-con e-child\" data-id=\"f9fcb05\" data-element_type=\"container\" data-e-type=\"container\">\n\t\t\t\t<div class=\"elementor-element elementor-element-c11f3cc elementor-widget elementor-widget-heading\" data-id=\"c11f3cc\" data-element_type=\"widget\" data-e-type=\"widget\" data-widget_type=\"heading.default\">\n\t\t\t\t\t<span class=\"elementor-heading-title elementor-size-default\">\u00c9rdekl\u0151dj\u00f6n<\/span>\t\t\t\t<\/div>\n\t\t\t\t<div class=\"elementor-element elementor-element-85caa37 elementor-widget elementor-widget-text-editor\" data-id=\"85caa37\" data-element_type=\"widget\" data-e-type=\"widget\" data-widget_type=\"text-editor.default\">\n\t\t\t\t\t\t\t\t\tR\u00e9szletek\t\t\t\t\t\t\t\t<\/div>\n\t\t\t\t<\/div>\n\t\t\t\t<\/div>\n\t\t\t\t<\/a>\n\t\t\t\t<\/div>\n\t\t<div class=\"elementor-element elementor-element-efe359a e-con-full e-flex e-con e-child\" data-id=\"efe359a\" data-element_type=\"container\" data-e-type=\"container\">\n\t\t<a class=\"elementor-element elementor-element-e95d150 e-con-full e-flex e-con e-child\" data-id=\"e95d150\" data-element_type=\"container\" data-e-type=\"container\" data-settings=\"{&quot;background_background&quot;:&quot;classic&quot;}\" href=\"https:\/\/visitkigyos.hu\/index.php\/kapolnas-vendeghaz\/\">\n\t\t<div class=\"elementor-element elementor-element-92d6612 e-con-full e-flex e-con e-child\" data-id=\"92d6612\" data-element_type=\"container\" data-e-type=\"container\">\n\t\t<div class=\"elementor-element elementor-element-3d89b8d e-con-full e-flex e-con e-child\" data-id=\"3d89b8d\" data-element_type=\"container\" data-e-type=\"container\" data-settings=\"{&quot;background_background&quot;:&quot;classic&quot;}\">\n\t\t\t\t<\/div>\n\t\t\t\t<\/div>\n\t\t<div class=\"elementor-element elementor-element-de1cc1a e-con-full e-flex e-con e-child\" data-id=\"de1cc1a\" data-element_type=\"container\" data-e-type=\"container\">\n\t\t<div class=\"elementor-element elementor-element-4862772 e-con-full e-flex e-con e-child\" data-id=\"4862772\" data-element_type=\"container\" data-e-type=\"container\">\n\t\t\t\t<div class=\"elementor-element elementor-element-591c5c1 elementor-widget elementor-widget-heading\" data-id=\"591c5c1\" data-element_type=\"widget\" data-e-type=\"widget\" data-widget_type=\"heading.default\">\n\t\t\t\t\t<h3 class=\"elementor-heading-title elementor-size-default\">K\u00e1poln\u00e1s Vend\u00e9gh\u00e1z<\/h3>\t\t\t\t<\/div>\n\t\t\t\t<\/div>\n\t\t\t\t<div class=\"elementor-element elementor-element-000492e elementor-widget__width-inherit elementor-widget elementor-widget-heading\" data-id=\"000492e\" data-element_type=\"widget\" data-e-type=\"widget\" data-widget_type=\"heading.default\">\n\t\t\t\t\t<p class=\"elementor-heading-title elementor-size-default\">Csal\u00e1dias vend\u00e9gh\u00e1z Szabadk\u00edgy\u00f3son, ahol nagycsal\u00e1dosok \u00e9s p\u00e1rok egyar\u00e1nt otthon \u00e9rezhetik magukat.<\/p>\t\t\t\t<\/div>\n\t\t<div class=\"elementor-element elementor-element-0815353 e-con-full e-flex e-con e-child\" data-id=\"0815353\" data-element_type=\"container\" data-e-type=\"container\">\n\t\t\t\t<div class=\"elementor-element elementor-element-95b40ea elementor-widget elementor-widget-text-editor\" data-id=\"95b40ea\" data-element_type=\"widget\" data-e-type=\"widget\" data-widget_type=\"text-editor.default\">\n\t\t\t\t\t\t\t\t\t<span class=\"inline-flex items-center gap-1.5 span-pww99t\">\n    <svg class=\"svg-arv14b\" xmlns=\"http:\/\/www.w3.org\/2000\/svg\" fill=\"none\" viewBox=\"0 0 24 24\" stroke=\"currentColor\">\n        <path stroke-width=\"1.5\" d=\"M17 20a5 5 0 00-10 0M12 12a4 4 0 100-8 4 4 0 000 8z\" \/>\n    <\/svg>\n    \u00c9rdekl\u0151dj\u00f6n\n<\/span>\t\t\t\t\t\t\t\t<\/div>\n\t\t\t\t<\/div>\n\t\t<div class=\"elementor-element elementor-element-1aa2a2e e-con-full e-flex e-con e-child\" data-id=\"1aa2a2e\" data-element_type=\"container\" data-e-type=\"container\">\n\t\t\t\t<div class=\"elementor-element elementor-element-9a1501e elementor-widget elementor-widget-heading\" data-id=\"9a1501e\" data-element_type=\"widget\" data-e-type=\"widget\" data-widget_type=\"heading.default\">\n\t\t\t\t\t<span class=\"elementor-heading-title elementor-size-default\">\u00c9rdekl\u0151dj\u00f6n<\/span>\t\t\t\t<\/div>\n\t\t\t\t<div class=\"elementor-element elementor-element-33b41c7 elementor-widget elementor-widget-text-editor\" data-id=\"33b41c7\" data-element_type=\"widget\" data-e-type=\"widget\" data-widget_type=\"text-editor.default\">\n\t\t\t\t\t\t\t\t\tR\u00e9szletek\t\t\t\t\t\t\t\t<\/div>\n\t\t\t\t<\/div>\n\t\t\t\t<\/div>\n\t\t\t\t<\/a>\n\t\t\t\t<\/div>\n\t\t<div class=\"elementor-element elementor-element-38084e3 e-con-full e-flex e-con e-child\" data-id=\"38084e3\" data-element_type=\"container\" data-e-type=\"container\">\n\t\t<a class=\"elementor-element elementor-element-bf899ca e-con-full e-flex e-con e-child\" data-id=\"bf899ca\" data-element_type=\"container\" data-e-type=\"container\" data-settings=\"{&quot;background_background&quot;:&quot;classic&quot;}\" href=\"https:\/\/visitkigyos.hu\/index.php\/kigyos-vendeghaz\/\">\n\t\t<div class=\"elementor-element elementor-element-ab310bb e-con-full e-flex e-con e-child\" data-id=\"ab310bb\" data-element_type=\"container\" data-e-type=\"container\">\n\t\t<div class=\"elementor-element elementor-element-efdbaff e-con-full e-flex e-con e-child\" data-id=\"efdbaff\" data-element_type=\"container\" data-e-type=\"container\" data-settings=\"{&quot;background_background&quot;:&quot;classic&quot;}\">\n\t\t\t\t<\/div>\n\t\t\t\t<\/div>\n\t\t<div class=\"elementor-element elementor-element-c9adcb0 e-con-full e-flex e-con e-child\" data-id=\"c9adcb0\" data-element_type=\"container\" data-e-type=\"container\">\n\t\t<div class=\"elementor-element elementor-element-303c065 e-con-full e-flex e-con e-child\" data-id=\"303c065\" data-element_type=\"container\" data-e-type=\"container\">\n\t\t\t\t<div class=\"elementor-element elementor-element-52ce492 elementor-widget elementor-widget-heading\" data-id=\"52ce492\" data-element_type=\"widget\" data-e-type=\"widget\" data-widget_type=\"heading.default\">\n\t\t\t\t\t<h3 class=\"elementor-heading-title elementor-size-default\">K\u00edgy\u00f3s Vend\u00e9gh\u00e1z<\/h3>\t\t\t\t<\/div>\n\t\t\t\t<\/div>\n\t\t\t\t<div class=\"elementor-element elementor-element-f3b683a elementor-widget__width-inherit elementor-widget elementor-widget-heading\" data-id=\"f3b683a\" data-element_type=\"widget\" data-e-type=\"widget\" data-widget_type=\"heading.default\">\n\t\t\t\t\t<p class=\"elementor-heading-title elementor-size-default\">Fel\u00faj\u00edtott, teljesen felszerelt 9 f\u00e9r\u0151helyes vend\u00e9gh\u00e1z Szabadk\u00edgy\u00f3s k\u00f6zpontj\u00e1ban, jakuzzival \u00e9s kemenc\u00e9vel.<\/p>\t\t\t\t<\/div>\n\t\t<div class=\"elementor-element elementor-element-02feef3 e-con-full e-flex e-con e-child\" data-id=\"02feef3\" data-element_type=\"container\" data-e-type=\"container\">\n\t\t\t\t<div class=\"elementor-element elementor-element-a77104c elementor-widget elementor-widget-text-editor\" data-id=\"a77104c\" data-element_type=\"widget\" data-e-type=\"widget\" data-widget_type=\"text-editor.default\">\n\t\t\t\t\t\t\t\t\t<span class=\"inline-flex items-center gap-1.5 span-pww99t\">\n    <svg class=\"svg-arv14b\" xmlns=\"http:\/\/www.w3.org\/2000\/svg\" fill=\"none\" viewBox=\"0 0 24 24\" stroke=\"currentColor\">\n        <path stroke-width=\"1.5\" d=\"M17 20a5 5 0 00-10 0M12 12a4 4 0 100-8 4 4 0 000 8z\" \/>\n    <\/svg>\n    9 f\u0151\n<\/span>\t\t\t\t\t\t\t\t<\/div>\n\t\t\t\t<\/div>\n\t\t<div class=\"elementor-element elementor-element-1d69acf e-con-full e-flex e-con e-child\" data-id=\"1d69acf\" data-element_type=\"container\" data-e-type=\"container\">\n\t\t\t\t<div class=\"elementor-element elementor-element-c45fcd5 elementor-widget elementor-widget-heading\" data-id=\"c45fcd5\" data-element_type=\"widget\" data-e-type=\"widget\" data-widget_type=\"heading.default\">\n\t\t\t\t\t<span class=\"elementor-heading-title elementor-size-default\">\u00c9rdekl\u0151dj\u00f6n<\/span>\t\t\t\t<\/div>\n\t\t\t\t<div class=\"elementor-element elementor-element-8eb45d4 elementor-widget elementor-widget-text-editor\" data-id=\"8eb45d4\" data-element_type=\"widget\" data-e-type=\"widget\" data-widget_type=\"text-editor.default\">\n\t\t\t\t\t\t\t\t\tR\u00e9szletek\t\t\t\t\t\t\t\t<\/div>\n\t\t\t\t<\/div>\n\t\t\t\t<\/div>\n\t\t\t\t<\/a>\n\t\t\t\t<\/div>\n\t\t\t\t<\/div>\n\t\t\t\t<\/div>\n\t\t\t\t<\/section>\n\t\t\t\t<\/div>\n\t\t","protected":false},"excerpt":{"rendered":"<p>Pihen\u00e9s Sz\u00e1ll\u00e1sok Fedezze fel sz\u00e1ll\u00e1slehet\u0151s\u00e9geinket, \u00e9s t\u00f6ltse el az \u00e9jszak\u00e1t Szabadk\u00edgy\u00f3s var\u00e1zslatos k\u00f6rnyezet\u00e9ben. Castle Inn &#8211; Szabadk\u00edgy\u00f3s Modern, pr\u00e9mium vend\u00e9gh\u00e1z medenc\u00e9vel, szaun\u00e1val \u00e9s jakuzzival a Wenckheim-kast\u00e9ly k\u00f6zel\u00e9ben. 2\u20138 f\u0151 \u00c9rdekl\u0151dj\u00f6n R\u00e9szletek R\u00e9tlaki Vend\u00e9gh\u00e1z Csal\u00e1dias, \u00e1llatbar\u00e1t vend\u00e9gh\u00e1z Szabadk\u00edgy\u00f3s k\u00f6zpontj\u00e1ban, a Wenckheim-kast\u00e9lyt\u00f3l mind\u00f6ssze 1 km-re. Max. 8 f\u0151 \u00c9rdekl\u0151dj\u00f6n R\u00e9szletek K\u00e1poln\u00e1s Vend\u00e9gh\u00e1z Csal\u00e1dias vend\u00e9gh\u00e1z Szabadk\u00edgy\u00f3son, ahol nagycsal\u00e1dosok &#8230; <a title=\"Sz\u00e1ll\u00e1sok\" class=\"read-more\" href=\"https:\/\/visitkigyos.hu\/index.php\/szallasok\/\" aria-label=\"Read more about Sz\u00e1ll\u00e1sok\">Olvass tov\u00e1bb<\/a><\/p>\n","protected":false},"author":1,"featured_media":0,"parent":0,"menu_order":0,"comment_status":"closed","ping_status":"closed","template":"elementor_header_footer","meta":{"footnotes":""},"class_list":["post-621","page","type-page","status-publish"],"yoast_head":"<!-- This site is optimized with the Yoast SEO Premium plugin v27.2 (Yoast SEO v27.2) - https:\/\/yoast.com\/product\/yoast-seo-premium-wordpress\/ -->\n<title>Sz\u00e1ll\u00e1sok - visitkigyos.hu<\/title>\n<meta name=\"robots\" content=\"index, follow, max-snippet:-1, max-image-preview:large, max-video-preview:-1\" \/>\n<link rel=\"canonical\" href=\"https:\/\/visitkigyos.hu\/index.php\/szallasok\/\" \/>\n<meta property=\"og:locale\" content=\"hu_HU\" \/>\n<meta property=\"og:type\" content=\"article\" \/>\n<meta property=\"og:title\" content=\"Sz\u00e1ll\u00e1sok\" \/>\n<meta property=\"og:description\" content=\"Pihen\u00e9s Sz\u00e1ll\u00e1sok Fedezze fel sz\u00e1ll\u00e1slehet\u0151s\u00e9geinket, \u00e9s t\u00f6ltse el az \u00e9jszak\u00e1t Szabadk\u00edgy\u00f3s var\u00e1zslatos k\u00f6rnyezet\u00e9ben. Castle Inn &#8211; Szabadk\u00edgy\u00f3s Modern, pr\u00e9mium vend\u00e9gh\u00e1z medenc\u00e9vel, szaun\u00e1val \u00e9s jakuzzival a Wenckheim-kast\u00e9ly k\u00f6zel\u00e9ben. 2\u20138 f\u0151 \u00c9rdekl\u0151dj\u00f6n R\u00e9szletek R\u00e9tlaki Vend\u00e9gh\u00e1z Csal\u00e1dias, \u00e1llatbar\u00e1t vend\u00e9gh\u00e1z Szabadk\u00edgy\u00f3s k\u00f6zpontj\u00e1ban, a Wenckheim-kast\u00e9lyt\u00f3l mind\u00f6ssze 1 km-re. Max. 8 f\u0151 \u00c9rdekl\u0151dj\u00f6n R\u00e9szletek K\u00e1poln\u00e1s Vend\u00e9gh\u00e1z Csal\u00e1dias vend\u00e9gh\u00e1z Szabadk\u00edgy\u00f3son, ahol nagycsal\u00e1dosok ... Olvass tov\u00e1bb\" \/>\n<meta property=\"og:url\" content=\"https:\/\/visitkigyos.hu\/index.php\/szallasok\/\" \/>\n<meta property=\"og:site_name\" content=\"visitkigyos.hu\" \/>\n<meta property=\"article:modified_time\" content=\"2026-03-19T16:46:00+00:00\" \/>\n<meta name=\"twitter:card\" content=\"summary_large_image\" \/>\n<meta name=\"twitter:label1\" content=\"Becs\u00fclt olvas\u00e1si id\u0151\" \/>\n\t<meta name=\"twitter:data1\" content=\"1 perc\" \/>\n<script type=\"application\/ld+json\" class=\"yoast-schema-graph\">{\"@context\":\"https:\/\/schema.org\",\"@graph\":[{\"@type\":\"WebPage\",\"@id\":\"https:\/\/visitkigyos.hu\/index.php\/szallasok\/\",\"url\":\"https:\/\/visitkigyos.hu\/index.php\/szallasok\/\",\"name\":\"Sz\u00e1ll\u00e1sok - visitkigyos.hu\",\"isPartOf\":{\"@id\":\"https:\/\/visitkigyos.hu\/#website\"},\"datePublished\":\"2026-03-13T15:18:37+00:00\",\"dateModified\":\"2026-03-19T16:46:00+00:00\",\"breadcrumb\":{\"@id\":\"https:\/\/visitkigyos.hu\/index.php\/szallasok\/#breadcrumb\"},\"inLanguage\":\"hu\",\"potentialAction\":[{\"@type\":\"ReadAction\",\"target\":[\"https:\/\/visitkigyos.hu\/index.php\/szallasok\/\"]}]},{\"@type\":\"BreadcrumbList\",\"@id\":\"https:\/\/visitkigyos.hu\/index.php\/szallasok\/#breadcrumb\",\"itemListElement\":[{\"@type\":\"ListItem\",\"position\":1,\"name\":\"Kezd\u0151lap\",\"item\":\"https:\/\/visitkigyos.hu\/\"},{\"@type\":\"ListItem\",\"position\":2,\"name\":\"Sz\u00e1ll\u00e1sok\"}]},{\"@type\":\"WebSite\",\"@id\":\"https:\/\/visitkigyos.hu\/#website\",\"url\":\"https:\/\/visitkigyos.hu\/\",\"name\":\"visitkigyos.hu\",\"description\":\"\",\"publisher\":{\"@id\":\"https:\/\/visitkigyos.hu\/#organization\"},\"potentialAction\":[{\"@type\":\"SearchAction\",\"target\":{\"@type\":\"EntryPoint\",\"urlTemplate\":\"https:\/\/visitkigyos.hu\/?s={search_term_string}\"},\"query-input\":{\"@type\":\"PropertyValueSpecification\",\"valueRequired\":true,\"valueName\":\"search_term_string\"}}],\"inLanguage\":\"hu\"},{\"@type\":\"Organization\",\"@id\":\"https:\/\/visitkigyos.hu\/#organization\",\"name\":\"visitkigyos.hu\",\"url\":\"https:\/\/visitkigyos.hu\/\",\"logo\":{\"@type\":\"ImageObject\",\"inLanguage\":\"hu\",\"@id\":\"https:\/\/visitkigyos.hu\/#\/schema\/logo\/image\/\",\"url\":\"https:\/\/visitkigyos.hu\/wp-content\/uploads\/2026\/03\/logo-transparent-DBnOkuss-4.png\",\"contentUrl\":\"https:\/\/visitkigyos.hu\/wp-content\/uploads\/2026\/03\/logo-transparent-DBnOkuss-4.png\",\"width\":1024,\"height\":1024,\"caption\":\"visitkigyos.hu\"},\"image\":{\"@id\":\"https:\/\/visitkigyos.hu\/#\/schema\/logo\/image\/\"}}]}<\/script>\n<!-- \/ Yoast SEO Premium plugin. -->","yoast_head_json":{"title":"Sz\u00e1ll\u00e1sok - visitkigyos.hu","robots":{"index":"index","follow":"follow","max-snippet":"max-snippet:-1","max-image-preview":"max-image-preview:large","max-video-preview":"max-video-preview:-1"},"canonical":"https:\/\/visitkigyos.hu\/index.php\/szallasok\/","og_locale":"hu_HU","og_type":"article","og_title":"Sz\u00e1ll\u00e1sok","og_description":"Pihen\u00e9s Sz\u00e1ll\u00e1sok Fedezze fel sz\u00e1ll\u00e1slehet\u0151s\u00e9geinket, \u00e9s t\u00f6ltse el az \u00e9jszak\u00e1t Szabadk\u00edgy\u00f3s var\u00e1zslatos k\u00f6rnyezet\u00e9ben. Castle Inn &#8211; Szabadk\u00edgy\u00f3s Modern, pr\u00e9mium vend\u00e9gh\u00e1z medenc\u00e9vel, szaun\u00e1val \u00e9s jakuzzival a Wenckheim-kast\u00e9ly k\u00f6zel\u00e9ben. 2\u20138 f\u0151 \u00c9rdekl\u0151dj\u00f6n R\u00e9szletek R\u00e9tlaki Vend\u00e9gh\u00e1z Csal\u00e1dias, \u00e1llatbar\u00e1t vend\u00e9gh\u00e1z Szabadk\u00edgy\u00f3s k\u00f6zpontj\u00e1ban, a Wenckheim-kast\u00e9lyt\u00f3l mind\u00f6ssze 1 km-re. Max. 8 f\u0151 \u00c9rdekl\u0151dj\u00f6n R\u00e9szletek K\u00e1poln\u00e1s Vend\u00e9gh\u00e1z Csal\u00e1dias vend\u00e9gh\u00e1z Szabadk\u00edgy\u00f3son, ahol nagycsal\u00e1dosok ... Olvass tov\u00e1bb","og_url":"https:\/\/visitkigyos.hu\/index.php\/szallasok\/","og_site_name":"visitkigyos.hu","article_modified_time":"2026-03-19T16:46:00+00:00","twitter_card":"summary_large_image","twitter_misc":{"Becs\u00fclt olvas\u00e1si id\u0151":"1 perc"},"schema":{"@context":"https:\/\/schema.org","@graph":[{"@type":"WebPage","@id":"https:\/\/visitkigyos.hu\/index.php\/szallasok\/","url":"https:\/\/visitkigyos.hu\/index.php\/szallasok\/","name":"Sz\u00e1ll\u00e1sok - visitkigyos.hu","isPartOf":{"@id":"https:\/\/visitkigyos.hu\/#website"},"datePublished":"2026-03-13T15:18:37+00:00","dateModified":"2026-03-19T16:46:00+00:00","breadcrumb":{"@id":"https:\/\/visitkigyos.hu\/index.php\/szallasok\/#breadcrumb"},"inLanguage":"hu","potentialAction":[{"@type":"ReadAction","target":["https:\/\/visitkigyos.hu\/index.php\/szallasok\/"]}]},{"@type":"BreadcrumbList","@id":"https:\/\/visitkigyos.hu\/index.php\/szallasok\/#breadcrumb","itemListElement":[{"@type":"ListItem","position":1,"name":"Kezd\u0151lap","item":"https:\/\/visitkigyos.hu\/"},{"@type":"ListItem","position":2,"name":"Sz\u00e1ll\u00e1sok"}]},{"@type":"WebSite","@id":"https:\/\/visitkigyos.hu\/#website","url":"https:\/\/visitkigyos.hu\/","name":"visitkigyos.hu","description":"","publisher":{"@id":"https:\/\/visitkigyos.hu\/#organization"},"potentialAction":[{"@type":"SearchAction","target":{"@type":"EntryPoint","urlTemplate":"https:\/\/visitkigyos.hu\/?s={search_term_string}"},"query-input":{"@type":"PropertyValueSpecification","valueRequired":true,"valueName":"search_term_string"}}],"inLanguage":"hu"},{"@type":"Organization","@id":"https:\/\/visitkigyos.hu\/#organization","name":"visitkigyos.hu","url":"https:\/\/visitkigyos.hu\/","logo":{"@type":"ImageObject","inLanguage":"hu","@id":"https:\/\/visitkigyos.hu\/#\/schema\/logo\/image\/","url":"https:\/\/visitkigyos.hu\/wp-content\/uploads\/2026\/03\/logo-transparent-DBnOkuss-4.png","contentUrl":"https:\/\/visitkigyos.hu\/wp-content\/uploads\/2026\/03\/logo-transparent-DBnOkuss-4.png","width":1024,"height":1024,"caption":"visitkigyos.hu"},"image":{"@id":"https:\/\/visitkigyos.hu\/#\/schema\/logo\/image\/"}}]}},"_links":{"self":[{"href":"https:\/\/visitkigyos.hu\/index.php\/wp-json\/wp\/v2\/pages\/621","targetHints":{"allow":["GET"]}}],"collection":[{"href":"https:\/\/visitkigyos.hu\/index.php\/wp-json\/wp\/v2\/pages"}],"about":[{"href":"https:\/\/visitkigyos.hu\/index.php\/wp-json\/wp\/v2\/types\/page"}],"author":[{"embeddable":true,"href":"https:\/\/visitkigyos.hu\/index.php\/wp-json\/wp\/v2\/users\/1"}],"replies":[{"embeddable":true,"href":"https:\/\/visitkigyos.hu\/index.php\/wp-json\/wp\/v2\/comments?post=621"}],"version-history":[{"count":22,"href":"https:\/\/visitkigyos.hu\/index.php\/wp-json\/wp\/v2\/pages\/621\/revisions"}],"predecessor-version":[{"id":1041,"href":"https:\/\/visitkigyos.hu\/index.php\/wp-json\/wp\/v2\/pages\/621\/revisions\/1041"}],"wp:attachment":[{"href":"https:\/\/visitkigyos.hu\/index.php\/wp-json\/wp\/v2\/media?parent=621"}],"curies":[{"name":"wp","href":"https:\/\/api.w.org\/{rel}","templated":true}]}}